divided by 14.
10
Let d(w) = -2*w**3 - 4*w - 3. Let k be d(-1). Let r(o) = -o**3 + 10*o**2 - 13*o + 10. Calculate the remainder when 62 is divided by r(k).
28
Let m = 36 + -22. Let i = 78 + 69. Let u = 200 - i. What is the remainder when u is divided by m?
11
Let o = -65149 + 65170. Suppose -4*c = c - 310. Calculate the remainder when c is divided by o.
20
Suppose -3*j = -3*q + 225, 4*q - 315 + 42 = -5*j. What is the remainder when q is divided by 17?
4
Let j(f) = -2*f**2 + 52*f - 53. Calculate the remainder when 163 is divided by j(24).
34
Calculate the remainder when 7248 is divided by -6*26/((-650)/775).
180
Suppose 3*n = u + 279, -147 = -4*n + 2*u + 225. What is the remainder when (-1)/6 - 170/(-12) is divided by n/24 + 3/24?
2
Let z = 7437 + -7187. Calculate the remainder when 2760 is divided by z.
10
Let g(t) = -3*t + 40. Let n be g(11). Suppose -n*c - 12 = -8*c. Suppose 3*h - 5*h = -c. What is the remainder when h is divided by 4?
2
Let t = 111 + -106. Suppose r = -4*c + 24, t*c + 7 = r - 8. What is the remainder when 217 is divided by r?
17
What is the remainder when ((-4)/44)/((-11)/26983) is divided by 65?
28
Let q(k) = -2*k**3 - k - 1. Let j be q(-1). Suppose -5*w = 3*o - 50, w = 2*o + j*w - 31. What is the remainder when 49 is divided by o?
4
Let s(r) = -34*r + 66. Let f be s(-6). Let u = f + -235. What is the remainder when 68 is divided by u?
33
What is the remainder when 1407 is divided by (3 + (-1 - -5))*(-188)/(-28)?
44
Suppose -877*g - 840 = -881*g + 3*k, -5*k = 3*g - 659. Calculate the remainder when g is divided by 62.
27
Let f(r) = -r**2 + 8*r + 2. Let p be f(7). Suppose -5*c - 228 = -p*c. Suppose 4*h + 5 - c = 0. Calculate the remainder when 51 is divided by h.
12
Suppose 459 + 1072 = 31*g - 1662. What is the remainder when 486 is divided by g?
74
Suppose 2*s + 10 = 0, 0 = -4*p + 6*p + s - 31. Let d be 6/4*8/6. What is the remainder when 29 is divided by p - (d/3)/(6/(-9))?
10
Calculate the remainder when 3496 is divided by ((-1)/2)/((9/(-105))/(18/15)).
3
Let r = -165 + 169. Suppose 9*h - 710 = r*h. Let d(u) = u**3 + 3*u**2 - 4*u + 1. What is the remainder when h is divided by d(-3)?
12
Let x(a) = 12*a - 332. What is the remainder when 290 is divided by x(34)?
62
Let f(t) = -104*t - 20. Let h(x) = -x**3 - x**2 + 5*x - 4. Let q be h(-3). Calculate the remainder when f(q) is divided by 25.
9
Let o = 9449 - 9051. What is the remainder when o is divided by 81?
74
Suppose -146 = 9*k - 38. Calculate the remainder when (7 + 9 + k)*62/8 is divided by 11.
9
Let j = 12 + -12. Let u be (1/(-1))/(j + 3/(-15)). Suppose 256 = 4*q + 2*n, 2*n = q - 59 - u. Calculate the remainder when q is divided by 33.
31
Suppose 27*n = 62*n + 214*n - 32121. What is the remainder when 1821 is divided by n?
15
Let j(u) = -u**3 - 27*u**2 - 34*u. What is the remainder when j(-31) is divided by 20?
18
Suppose -672 = -4*i + 2*t - 0*t, 2*i - 5*t = 320. Let h = 194 - i. Calculate the remainder when 85 is divided by h.
13
Let y(v) = v**3 + 9*v**2 + 8*v - 10. Let z be y(-6). Suppose -10*a = -12*a - 4*i + z, -3*i = -4*a + 111. What is the remainder when 187 is divided by a?
25
Let m(x) = 7*x**2 - 7*x + 3. Let k(t) = 6*t**2 - 8*t + 1. Let b(l) = -3*k(l) + 2*m(l). Calculate the remainder when 111 is divided by b(2).
6
Let d(w) = w**3 + 3*w**2 - w - 4. Let i be d(0). Let o(a) = -3*a**2 - 24*a - 6. What is the remainder when o(i) is divided by 26?
16
Suppose 0 = 2*p - 3*t - 576, -p - 5*t = -217 - 97. Let s = p - 278. What is the remainder when 24 is divided by s?
8
Let i(g) = g**2 + 38*g + 300. Suppose -3*x + 2*x + 178 = 0. What is the remainder when x is divided by i(-10)?
18
Let p = 11 + -23. Let j be ((-6)/p*-5)/((-2)/4). Suppose 2*m + 4*b - 42 = 0, m + 4*b + 144 = j*m. Calculate the remainder when m is divided by 9.
4
Let f(t) = t - 21. Let p be f(21). Suppose -9*i + 181 + 224 = p. What is the remainder when 166 is divided by i?
31
Suppose -b + 2*c + 17 = 0, 5*c = 3*b - 2*b - 20. Let i(t) = 423*t**2 + 412*t**2 + 18 - 824*t**2 + 23*t + t**3. What is the remainder when i(-5) is divided by b?
8
Suppose 5*n + 58 = 13. What is the remainder when (-3)/n + 376/6 is divided by (-297)/(-54)*2/((-10)/(-12)*(-45)/(-75))?
19
Let t(c) = 2*c + 4. Let v(j) = -5*j - 13. Let o(d) = -8*t(d) - 3*v(d). Let k(g) = -g + 30. Calculate the remainder when o(-5) is divided by k(25).
2
Let a(n) = -n**2 - 15*n + 2. Let b be a(-10). Suppose -4*c + b = u, c + 3*c = -4*u + 64. Calculate the remainder when c is divided by 8.
4
What is the remainder when 3993 is divided by 1/(-16) - (-17197)/464?
34
Suppose 4*c + 3*n = 74, -5*c + 4*n - n = -79. Let z = -148 - -163. Suppose -z*w + 44*w - 87 = 0. Calculate the remainder when c is divided by w.
2
Suppose -4*g = 2*q - 46, 8*q - 5*q - 4*g - 79 = 0. What is the remainder when 1044 is divided by q?
19
Suppose 4*b - 3*b = 120. Let h = b - 99. What is the remainder when 24 is divided by h?
3
Let v be (12/72)/(4/48). What is the remainder when 300 is divided by 64/(-20)*(246/(-12) - v)?
12
Suppose -1446*f - 650 = -1451*f. What is the remainder when 911 is divided by f?
1
Let u(k) = 57*k**2 - 3*k - 2. Let g be u(-2). Suppose -2*d = -5*b - g, 0*b + 250 = 2*d + 4*b. Let w = d + -6. What is the remainder when w is divided by 30?
25
Let g(p) = p**3 + 10*p**2 - p - 11. Suppose -8 = r + 2*m, r + 3*m = -m - 10. Calculate the remainder when g(r) is divided by (8/(-4))/(1/(-10)).
19
Let u = 11079 - 6928. What is the remainder when u is divided by 277?
273
Calculate the remainder when 81 is divided by (50 + 13)*(40/(-12) - -4).
39
Let b = 2178 - 2148. What is the remainder when 721 is divided by b?
1
Suppose 5*k = 4*q - 18 - 32, q + k - 8 = 0. What is the remainder when 240 is divided by (63/135*q)/(2/15)?
30
Suppose -84 = -6*m + 3*m. Suppose 0 = 9*w + 375 - 1770. Let s = w + -101. Calculate the remainder when s is divided by m.
26
Suppose -328*h + 386 = -598. Calculate the remainder when 2513 is divided by h.
2
Let h = 72 - 34. Calculate the remainder when h is divided by 12.
2
Let r be (7/21)/(2/6). Let u = 37 - r. What is the remainder when u is divided by ((-31)/93)/(2*2/(-240))?
16
Let b = -741 - -789. Calculate the remainder when 202 is divided by b.
10
Let b = -8901 - -10003. What is the remainder when b is divided by 1094?
8
Suppose 2*g + 5 - 91 = 0. Calculate the remainder when ((-3)/(-33))/((-40)/(-188540)) + 3/(-2) is divided by g.
40
Let q = 285 - 202. Let j = -2842 - -2870. What is the remainder when q is divided by j?
27
Let n = 4993 + -4560. Calculate the remainder when n is divided by 51.
25
Let k = -105037 + 105151. What is the remainder when k is divided by 6/((-11)/13 - -1)?
36
Suppose 5*c = -h - 4725, 9*c - 4*c - 3*h + 4705 = 0. Let s = -880 - c. What is the remainder when s is divided by 37?
27
Suppose -4 = -x - 1. Suppose x*o = -2*o + 20. Suppose 4*q - 38 = -2*r, -o*r + 5 = -5*r. What is the remainder when q is divided by 5?
2
Let p(u) = -17*u - 13. Let m be p(-1). Let q(z) = -4 - 1 + 9 + 6 + 9*z. Calculate the remainder when q(m) is divided by 16.
14
Let t(z) = z**3 + 38*z**2 - 86*z - 196. What is the remainder when t(-40) is divided by 15?
14
Let d = -4980 - -5035. What is the remainder when 504 is divided by d?
9
Let k = -91 - -136. Suppose 2*b + 4 = j - 5, 4*j = 2*b + 36. What is the remainder when (1320/25)/(j/30) is divided by k?
41
Suppose 0 = -87*n + 89*n - 10. What is the remainder when (-3)/n - (1 - (-1492)/(-20)) is divided by 11?
7
Let l = -5 - -12. Let o(c) = 3*c**2 - 4. Let g = 802 + -754. Calculate the remainder when o(l) is divided by g.
47
Let p = 18 - 3. Suppose -4*b + 7 = -2*b - w, -4*b + 23 = w. Suppose 0 = c - b, -4*s - 2*c + 110 = -120. What is the remainder when s is divided by p?
10
Suppose -1339 = -h + 3*d, 5*h - 2*h = -5*d + 4059. What is the remainder when h is divided by 50?
48
Suppose -108*o + 99 = -121 - 104. What is the remainder when 164 is divided by o?
2
Let o = -2827 + 3524. Calculate the remainder when o is divided by 54.
49
Let r(d) = d**3 + 3*d**2 - d - 10. Let n be r(-3). Let m = 57 - n. Calculate the remainder when m is divided by 26.
12
Let r be (-1)/((2/(-471))/((-206)/(-3))). What is the remainder when 15/195 + r/13 is divided by 15?
14
Let g(o) = 39*o - 200. Let r(u) = -u**3 - u**2 + 10*u + 18.